[INFO] cloning repository https://github.com/jack-app/jack-auth
[INFO] running `Command { std: "git" "-c" "credential.helper=" "-c" "credential.helper=/workspace/cargo-home/bin/git-credential-null" "clone" "--bare" "https://github.com/jack-app/jack-auth" "/workspace/cache/git-repos/https%3A%2F%2Fgithub.com%2Fjack-app%2Fjack-auth", kill_on_drop: false }`
[INFO] [stderr] Cloning into bare repository '/workspace/cache/git-repos/https%3A%2F%2Fgithub.com%2Fjack-app%2Fjack-auth'...
[INFO] running `Command { std: "git" "rev-parse" "HEAD", kill_on_drop: false }`
[INFO] [stdout] 46112e679ee7ed6be2fb9aae2e1dc69333649e23
[INFO] checking jack-app/jack-auth against try#72f88fc4e9458f89516a0b8b0868f3718aec5b47 for pr-74989
[INFO] running `Command { std: "git" "clone" "/workspace/cache/git-repos/https%3A%2F%2Fgithub.com%2Fjack-app%2Fjack-auth" "/workspace/builds/worker-6/source", kill_on_drop: false }`
[INFO] [stderr] Cloning into '/workspace/builds/worker-6/source'...
[INFO] [stderr] done.
[INFO] validating manifest of git repo https://github.com/jack-app/jack-auth on toolchain 72f88fc4e9458f89516a0b8b0868f3718aec5b47
[INFO] running `Command { std: "/workspace/cargo-home/bin/cargo" "+72f88fc4e9458f89516a0b8b0868f3718aec5b47" "read-manifest" "--manifest-path" "Cargo.toml", kill_on_drop: false }`
[INFO] started tweaking git repo https://github.com/jack-app/jack-auth
[INFO] finished tweaking git repo https://github.com/jack-app/jack-auth
[INFO] tweaked toml for git repo https://github.com/jack-app/jack-auth written to /workspace/builds/worker-6/source/Cargo.toml
[INFO] crate git repo https://github.com/jack-app/jack-auth already has a lockfile, it will not be regenerated
[INFO] running `Command { std: "/workspace/cargo-home/bin/cargo" "+72f88fc4e9458f89516a0b8b0868f3718aec5b47" "fetch" "--locked" "--manifest-path" "Cargo.toml", kill_on_drop: false }`
[INFO] [stderr]     Blocking waiting for file lock on package cache
[INFO] [stderr]  Downloading crates ...
[INFO] [stderr]   Downloaded bigdecimal v0.1.0
[INFO] [stderr]   Downloaded env_logger v0.7.0
[INFO] [stderr]   Downloaded rust_decimal v1.0.3
[INFO] [stderr]   Downloaded actix-session v0.2.0
[INFO] [stderr]   Downloaded wasm-bindgen-macro v0.2.52
[INFO] [stderr]   Downloaded wasm-bindgen-webidl v0.2.52
[INFO] [stderr]   Downloaded handlebars v2.0.2
[INFO] [stderr]   Downloaded mysql_common v0.18.0
[INFO] [stderr]   Downloaded mysql v16.1.0
[INFO] [stderr]   Downloaded js-sys v0.3.29
[INFO] [stderr]   Downloaded web-sys v0.3.29
[INFO] [stderr]   Downloaded wasm-bindgen-shared v0.2.52
[INFO] [stderr]   Downloaded actix-utils v0.4.6
[INFO] [stderr]   Downloaded wasm-bindgen-macro-support v0.2.52
[INFO] [stderr]   Downloaded wasm-bindgen v0.2.52
[INFO] [stderr]   Downloaded wasm-bindgen-backend v0.2.52
[INFO] [stderr]   Downloaded runtime v0.3.0-alpha.7
[INFO] running `Command { std: "docker" "create" "-v" "/var/lib/crater-agent-workspace/builds/worker-6/target:/opt/rustwide/target:rw,Z" "-v" "/var/lib/crater-agent-workspace/builds/worker-6/source:/opt/rustwide/workdir:ro,Z" "-v" "/var/lib/crater-agent-workspace/cargo-home:/opt/rustwide/cargo-home:ro,Z" "-v" "/var/lib/crater-agent-workspace/rustup-home:/opt/rustwide/rustup-home:ro,Z" "-e" "SOURCE_DIR=/opt/rustwide/workdir" "-e" "CARGO_TARGET_DIR=/opt/rustwide/target" "-e" "CARGO_HOME=/opt/rustwide/cargo-home" "-e" "RUSTUP_HOME=/opt/rustwide/rustup-home" "-w" "/opt/rustwide/workdir" "-m" "1610612736" "--user" "0:0" "--network" "none" "rustops/crates-build-env@sha256:d92eaeed33fa75130ca1ee6c8a01d1ffb62bac859dfdfb3450e3e5d1c0146529" "/opt/rustwide/cargo-home/bin/cargo" "+72f88fc4e9458f89516a0b8b0868f3718aec5b47" "metadata" "--no-deps" "--format-version=1", kill_on_drop: false }`
[INFO] [stderr] WARNING: Your kernel does not support swap limit capabilities or the cgroup is not mounted. Memory limited without swap.
[INFO] [stdout] 0e6e5a91be8cbfc3350ee05a622f1793c56146bb9121c7e954af02e9b1fcd8ff
[INFO] running `Command { std: "docker" "start" "-a" "0e6e5a91be8cbfc3350ee05a622f1793c56146bb9121c7e954af02e9b1fcd8ff", kill_on_drop: false }`
[INFO] running `Command { std: "docker" "inspect" "0e6e5a91be8cbfc3350ee05a622f1793c56146bb9121c7e954af02e9b1fcd8ff", kill_on_drop: false }`
[INFO] running `Command { std: "docker" "rm" "-f" "0e6e5a91be8cbfc3350ee05a622f1793c56146bb9121c7e954af02e9b1fcd8ff", kill_on_drop: false }`
[INFO] [stdout] 0e6e5a91be8cbfc3350ee05a622f1793c56146bb9121c7e954af02e9b1fcd8ff
[INFO] running `Command { std: "docker" "create" "-v" "/var/lib/crater-agent-workspace/builds/worker-6/target:/opt/rustwide/target:rw,Z" "-v" "/var/lib/crater-agent-workspace/builds/worker-6/source:/opt/rustwide/workdir:ro,Z" "-v" "/var/lib/crater-agent-workspace/cargo-home:/opt/rustwide/cargo-home:ro,Z" "-v" "/var/lib/crater-agent-workspace/rustup-home:/opt/rustwide/rustup-home:ro,Z" "-e" "SOURCE_DIR=/opt/rustwide/workdir" "-e" "CARGO_TARGET_DIR=/opt/rustwide/target" "-e" "CARGO_INCREMENTAL=0" "-e" "RUST_BACKTRACE=full" "-e" "RUSTFLAGS=--cap-lints=forbid" "-e" "CARGO_HOME=/opt/rustwide/cargo-home" "-e" "RUSTUP_HOME=/opt/rustwide/rustup-home" "-w" "/opt/rustwide/workdir" "-m" "1610612736" "--user" "0:0" "--network" "none" "rustops/crates-build-env@sha256:d92eaeed33fa75130ca1ee6c8a01d1ffb62bac859dfdfb3450e3e5d1c0146529" "/opt/rustwide/cargo-home/bin/cargo" "+72f88fc4e9458f89516a0b8b0868f3718aec5b47" "check" "--frozen" "--all" "--all-targets" "--message-format=json", kill_on_drop: false }`
[INFO] [stdout] e5f187a730407497c3959b63c252e98eb23238092553b1abd2926711a152e669
[INFO] [stderr] WARNING: Your kernel does not support swap limit capabilities or the cgroup is not mounted. Memory limited without swap.
[INFO] running `Command { std: "docker" "start" "-a" "e5f187a730407497c3959b63c252e98eb23238092553b1abd2926711a152e669", kill_on_drop: false }`
[INFO] [stderr]    Compiling libc v0.2.62
[INFO] [stderr]    Compiling semver-parser v0.7.0
[INFO] [stderr]    Compiling autocfg v0.1.6
[INFO] [stderr]     Checking futures v0.1.29
[INFO] [stderr]    Compiling byteorder v1.3.2
[INFO] [stderr]    Compiling log v0.4.8
[INFO] [stderr]    Compiling memchr v2.2.1
[INFO] [stderr]    Compiling proc-macro2 v1.0.5
[INFO] [stderr]     Checking slab v0.4.2
[INFO] [stderr]    Compiling unicode-xid v0.2.0
[INFO] [stderr]    Compiling syn v1.0.5
[INFO] [stderr]     Checking smallvec v0.6.10
[INFO] [stderr]     Checking scopeguard v1.0.0
[INFO] [stderr]    Compiling cc v1.0.45
[INFO] [stderr]    Compiling proc-macro2 v0.4.30
[INFO] [stderr]    Compiling unicode-xid v0.1.0
[INFO] [stderr]     Checking rand_core v0.4.2
[INFO] [stderr]    Compiling serde v1.0.101
[INFO] [stderr]     Checking matches v0.1.8
[INFO] [stderr]     Checking itoa v0.4.4
[INFO] [stderr]    Compiling ryu v1.0.0
[INFO] [stderr]    Compiling getrandom v0.1.12
[INFO] [stderr]    Compiling failure_derive v0.1.6
[INFO] [stderr]    Compiling regex-syntax v0.6.12
[INFO] [stderr]     Checking rustc-demangle v0.1.16
[INFO] [stderr]     Checking ppv-lite86 v0.2.5
[INFO] [stderr]    Compiling bitflags v1.2.0
[INFO] [stderr]     Checking futures-core-preview v0.3.0-alpha.19
[INFO] [stderr]     Checking futures-sink-preview v0.3.0-alpha.19
[INFO] [stderr]     Checking futures-io-preview v0.3.0-alpha.19
[INFO] [stderr]     Checking percent-encoding v1.0.1
[INFO] [stderr]    Compiling crc32fast v1.2.0
[INFO] [stderr]     Checking adler32 v1.0.4
[INFO] [stderr]     Checking linked-hash-map v0.5.2
[INFO] [stderr]     Checking arc-swap v0.4.3
[INFO] [stderr]     Checking percent-encoding v2.1.0
[INFO] [stderr]     Checking either v1.5.3
[INFO] [stderr]    Compiling httparse v1.3.4
[INFO] [stderr]    Compiling encoding_rs v0.8.20
[INFO] [stderr]     Checking indexmap v1.2.0
[INFO] [stderr]     Checking dtoa v0.4.4
[INFO] [stderr]     Checking spin v0.5.2
[INFO] [stderr]     Checking mime v0.3.14
[INFO] [stderr]    Compiling ucd-trie v0.1.2
[INFO] [stderr]     Checking async-datagram v3.0.0
[INFO] [stderr]     Checking async-ready v3.0.0
[INFO] [stderr]     Checking fake-simd v0.1.2
[INFO] [stderr]     Checking same-file v1.0.5
[INFO] [stderr]    Compiling mysql v16.1.0
[INFO] [stderr]     Checking uuid v0.7.4
[INFO] [stderr]     Checking bit-vec v0.6.1
[INFO] [stderr]     Checking termcolor v1.0.5
[INFO] [stderr]     Checking bufstream v0.1.4
[INFO] [stderr]     Checking thread_local v0.3.6
[INFO] [stderr]     Checking crossbeam-utils v0.6.6
[INFO] [stderr]     Checking lock_api v0.3.1
[INFO] [stderr]     Checking unicode-bidi v0.3.4
[INFO] [stderr]     Checking rand_core v0.3.1
[INFO] [stderr]     Checking rand_jitter v0.1.4
[INFO] [stderr]    Compiling semver v0.9.0
[INFO] [stderr]     Checking unicode-normalization v0.1.8
[INFO] [stderr]     Checking humantime v1.3.0
[INFO] [stderr]    Compiling num-traits v0.2.8
[INFO] [stderr]    Compiling num-integer v0.1.41
[INFO] [stderr]    Compiling rand_chacha v0.1.1
[INFO] [stderr]    Compiling rand_pcg v0.1.2
[INFO] [stderr]    Compiling rand v0.6.5
[INFO] [stderr]    Compiling num-bigint v0.2.3
[INFO] [stderr]    Compiling num-complex v0.2.3
[INFO] [stderr]    Compiling num-rational v0.2.2
[INFO] [stderr]    Compiling num-iter v0.1.39
[INFO] [stderr]     Checking miniz_oxide v0.3.3
[INFO] [stderr]     Checking futures-channel-preview v0.3.0-alpha.19
[INFO] [stderr]     Checking block-padding v0.1.4
[INFO] [stderr]     Checking lru-cache v0.1.2
[INFO] [stderr]     Checking walkdir v2.2.9
[INFO] [stderr]    Compiling pest v2.1.2
[INFO] [stderr]     Checking rand_xorshift v0.1.1
[INFO] [stderr]     Checking rand_hc v0.1.0
[INFO] [stderr]     Checking rand_isaac v0.1.1
[INFO] [stderr]     Checking c2-chacha v0.2.2
[INFO] [stderr]     Checking arrayvec v0.4.12
[INFO] [stderr]     Checking crossbeam-channel v0.3.9
[INFO] [stderr]     Checking crossbeam-queue v0.1.2
[INFO] [stderr]    Compiling rustc_version v0.2.3
[INFO] [stderr]     Checking tokio-executor v0.1.8
[INFO] [stderr]     Checking tokio-sync v0.1.6
[INFO] [stderr]     Checking actix-service v0.4.2
[INFO] [stderr]    Compiling backtrace-sys v0.1.31
[INFO] [stderr]    Compiling miniz-sys v0.1.12
[INFO] [stderr]    Compiling brotli-sys v0.3.2
[INFO] [stderr]    Compiling ring v0.14.6
[INFO] [stderr]     Checking aho-corasick v0.7.6
[INFO] [stderr]     Checking futures-util-preview v0.3.0-alpha.19
[INFO] [stderr]     Checking base64 v0.10.1
[INFO] [stderr]    Compiling quote v1.0.2
[INFO] [stderr]     Checking tokio-timer v0.2.11
[INFO] [stderr]     Checking tokio-current-thread v0.1.6
[INFO] [stderr]    Compiling quote v0.6.13
[INFO] [stderr]     Checking idna v0.1.5
[INFO] [stderr]     Checking idna v0.2.0
[INFO] [stderr]     Checking block-buffer v0.7.3
[INFO] [stderr]     Checking digest v0.8.1
[INFO] [stderr]    Compiling parking_lot_core v0.6.2
[INFO] [stderr]    Compiling parking_lot v0.9.0
[INFO] [stderr]    Compiling memoffset v0.5.1
[INFO] [stderr]    Compiling lexical-core v0.4.6
[INFO] [stderr]    Compiling lexical v2.2.2
[INFO] [stderr]    Compiling pest_meta v2.1.2
[INFO] [stderr]    Compiling syn v0.15.44
[INFO] [stderr]     Checking sha2 v0.8.0
[INFO] [stderr]     Checking url v1.7.2
[INFO] [stderr]     Checking regex v1.3.1
[INFO] [stderr]     Checking iovec v0.1.4
[INFO] [stderr]     Checking num_cpus v1.10.1
[INFO] [stderr]     Checking net2 v0.2.33
[INFO] [stderr]     Checking rand_os v0.1.3
[INFO] [stderr]     Checking time v0.1.42
[INFO] [stderr]     Checking socket2 v0.3.11
[INFO] [stderr]     Checking hostname v0.1.5
[INFO] [stderr]     Checking signal-hook-registry v1.1.1
[INFO] [stderr]     Checking nix v0.15.0
[INFO] [stderr]     Checking atty v0.2.13
[INFO] [stderr]     Checking url v2.1.0
[INFO] [stderr]     Checking crossbeam-epoch v0.7.2
[INFO] [stderr]     Checking bytes v0.4.12
[INFO] [stderr]     Checking threadpool v1.7.1
[INFO] [stderr]     Checking rand_core v0.5.1
[INFO] [stderr]     Checking mio v0.6.19
[INFO] [stderr]     Checking flate2 v1.0.12
[INFO] [stderr]     Checking resolv-conf v0.6.2
[INFO] [stderr]     Checking signal-hook v0.1.10
[INFO] [stderr]     Checking crossbeam-deque v0.7.1
[INFO] [stderr]     Checking chrono v0.4.9
[INFO] [stderr]     Checking backtrace v0.3.38
[INFO] [stderr]     Checking env_logger v0.7.0
[INFO] [stderr]     Checking rand_chacha v0.2.1
[INFO] [stderr]     Checking tokio-io v0.1.12
[INFO] [stderr]     Checking http v0.1.18
[INFO] [stderr]     Checking string v0.2.1
[INFO] [stderr]     Checking futures-executor-preview v0.3.0-alpha.19
[INFO] [stderr]     Checking crossbeam v0.7.2
[INFO] [stderr]     Checking rand v0.7.2
[INFO] [stderr]     Checking mio-uds v0.6.7
[INFO] [stderr]     Checking futures-preview v0.3.0-alpha.19
[INFO] [stderr]     Checking futures-timer v0.3.0
[INFO] [stderr]     Checking runtime-raw v0.3.0-alpha.5
[INFO] [stderr]     Checking juliex v0.3.0-alpha.8
[INFO] [stderr]     Checking romio v0.3.0-alpha.10
[INFO] [stderr]     Checking tokio-reactor v0.1.10
[INFO] [stderr]     Checking tokio-codec v0.1.1
[INFO] [stderr]     Checking actix-codec v0.1.2
[INFO] [stderr]     Checking tokio-tcp v0.1.3
[INFO] [stderr]     Checking tokio-udp v0.1.5
[INFO] [stderr]     Checking tokio-signal v0.2.7
[INFO] [stderr]     Checking actix-utils v0.4.6
[INFO] [stderr]     Checking actix-server-config v0.1.2
[INFO] [stderr]     Checking runtime-native v0.3.0-alpha.6
[INFO] [stderr]     Checking twox-hash v1.5.0
[INFO] [stderr]     Checking num v0.2.0
[INFO] [stderr]     Checking h2 v0.1.26
[INFO] [stderr]     Checking brotli2 v0.3.2
[INFO] [stderr]    Compiling synstructure v0.12.1
[INFO] [stderr]    Compiling pest_generator v2.1.1
[INFO] [stderr]    Compiling derive_more v0.15.0
[INFO] [stderr]    Compiling enum-as-inner v0.2.1
[INFO] [stderr]    Compiling actix-web-codegen v0.1.2
[INFO] [stderr]    Compiling derive_more v0.14.1
[INFO] [stderr]    Compiling serde_derive v1.0.101
[INFO] [stderr]    Compiling runtime-attributes v0.3.0-alpha.6
[INFO] [stderr]    Compiling pest_derive v2.1.0
[INFO] [stderr]     Checking runtime v0.3.0-alpha.7
[INFO] [stderr]     Checking failure v0.1.6
[INFO] [stderr]     Checking trust-dns-proto v0.7.4
[INFO] [stderr]     Checking dotenv v0.14.1
[INFO] [stderr]     Checking trust-dns-resolver v0.11.1
[INFO] [stderr]     Checking actix-threadpool v0.1.2
[INFO] [stderr]     Checking actix-rt v0.2.5
[INFO] [stderr]     Checking actix-connect v0.2.5
[INFO] [stderr]     Checking actix-server v0.6.1
[INFO] [stderr]     Checking actix-testing v0.1.0
[INFO] [stderr]     Checking serde_json v1.0.41
[INFO] [stderr]     Checking hashbrown v0.5.0
[INFO] [stderr]     Checking serde_urlencoded v0.6.1
[INFO] [stderr]     Checking actix-router v0.1.5
[INFO] [stderr]     Checking rust_decimal v1.0.3
[INFO] [stderr]     Checking bigdecimal v0.1.0
[INFO] [stderr]     Checking actix-http v0.2.10
[INFO] [stderr]     Checking mysql_common v0.18.0
[INFO] [stderr]     Checking handlebars v2.0.2
[INFO] [stderr]     Checking awc v0.2.7
[INFO] [stderr]     Checking actix-web v1.0.8
[INFO] [stderr]     Checking actix-session v0.2.0
[INFO] [stderr]     Checking actix-cors v0.1.0
[INFO] [stderr]     Checking actix-web v0.1.0 (/opt/rustwide/workdir)
[INFO] [stdout] warning: unused imports: `Json`, `Path`
[INFO] [stdout]  --> src/controllers/auth_controllers.rs:9:17
[INFO] [stdout]   |
[INFO] [stdout] 9 |     web::{Data, Json, Path, Query},
[INFO] [stdout]   |                 ^^^^  ^^^^
[INFO] [stdout]   |
[INFO] [stdout]   = note: `#[warn(unused_imports)]` on by default
[INFO] [stdout] 
[INFO] [stdout] 
[INFO] [stdout] warning: unused imports: `Json`, `Path`
[INFO] [stdout]  --> src/controllers/auth_controllers.rs:9:17
[INFO] [stdout]   |
[INFO] [stdout] 9 |     web::{Data, Json, Path, Query},
[INFO] [stdout]   |                 ^^^^  ^^^^
[INFO] [stdout]   |
[INFO] [stdout]   = note: `#[warn(unused_imports)]` on by default
[INFO] [stdout] 
[INFO] [stdout] 
[INFO] [stdout] warning: unused import: `Json`
[INFO] [stdout]  --> src/controllers/client_token_controllers.rs:6:17
[INFO] [stdout]   |
[INFO] [stdout] 6 |     web::{Data, Json, Path},
[INFO] [stdout]   |                 ^^^^
[INFO] [stdout] 
[INFO] [stdout] 
[INFO] [stdout] warning: unused import: `ErrorNotFound`
[INFO] [stdout]  --> src/controllers/common.rs:6:55
[INFO] [stdout]   |
[INFO] [stdout] 6 |     error::{ErrorForbidden, ErrorInternalServerError, ErrorNotFound},
[INFO] [stdout]   |                                                       ^^^^^^^^^^^^^
[INFO] [stdout] 
[INFO] [stdout] 
[INFO] [stdout] warning: unused import: `serde::Deserialize`
[INFO] [stdout]  --> src/models/access_token_models.rs:4:5
[INFO] [stdout]   |
[INFO] [stdout] 4 | use serde::Deserialize;
[INFO] [stdout]   |     ^^^^^^^^^^^^^^^^^^
[INFO] [stdout] 
[INFO] [stdout] 
[INFO] [stdout] warning: unused import: `chrono::NaiveDateTime`
[INFO] [stdout]  --> src/models/auth_models.rs:1:5
[INFO] [stdout]   |
[INFO] [stdout] 1 | use chrono::NaiveDateTime;
[INFO] [stdout]   |     ^^^^^^^^^^^^^^^^^^^^^
[INFO] [stdout] 
[INFO] [stdout] 
[INFO] [stdout] warning: unused import: `mysql::prelude::*`
[INFO] [stdout]  --> src/models/auth_models.rs:3:5
[INFO] [stdout]   |
[INFO] [stdout] 3 | use mysql::prelude::*;
[INFO] [stdout]   |     ^^^^^^^^^^^^^^^^^
[INFO] [stdout] 
[INFO] [stdout] 
[INFO] [stdout] warning: unused import: `chrono::NaiveDateTime`
[INFO] [stdout]  --> src/models/client_token_models.rs:1:5
[INFO] [stdout]   |
[INFO] [stdout] 1 | use chrono::NaiveDateTime;
[INFO] [stdout]   |     ^^^^^^^^^^^^^^^^^^^^^
[INFO] [stdout] 
[INFO] [stdout] 
[INFO] [stdout] warning: unused import: `serde::Deserialize`
[INFO] [stdout]  --> src/models/temp_token_models.rs:4:5
[INFO] [stdout]   |
[INFO] [stdout] 4 | use serde::Deserialize;
[INFO] [stdout]   |     ^^^^^^^^^^^^^^^^^^
[INFO] [stdout] 
[INFO] [stdout] 
[INFO] [stdout] error[E0267]: `break` inside of a closure
[INFO] [stdout]   --> src/main.rs:93:13
[INFO] [stdout]    |
[INFO] [stdout] 92 |         clean_temp_token(&state).map_err(|e| {
[INFO] [stdout]    |                                          --- enclosing closure
[INFO] [stdout] 93 |             break;
[INFO] [stdout]    |             ^^^^^ cannot `break` inside of a closure
[INFO] [stdout] 
[INFO] [stdout] 
[INFO] [stdout] warning: unused import: `Json`
[INFO] [stdout]  --> src/controllers/client_token_controllers.rs:6:17
[INFO] [stdout]   |
[INFO] [stdout] 6 |     web::{Data, Json, Path},
[INFO] [stdout]   |                 ^^^^
[INFO] [stdout] 
[INFO] [stdout] 
[INFO] [stdout] warning: unused import: `ErrorNotFound`
[INFO] [stdout]  --> src/controllers/common.rs:6:55
[INFO] [stdout]   |
[INFO] [stdout] 6 |     error::{ErrorForbidden, ErrorInternalServerError, ErrorNotFound},
[INFO] [stdout]   |                                                       ^^^^^^^^^^^^^
[INFO] [stdout] 
[INFO] [stdout] 
[INFO] [stdout] warning: unused import: `serde::Deserialize`
[INFO] [stdout]  --> src/models/access_token_models.rs:4:5
[INFO] [stdout]   |
[INFO] [stdout] 4 | use serde::Deserialize;
[INFO] [stdout]   |     ^^^^^^^^^^^^^^^^^^
[INFO] [stdout] 
[INFO] [stdout] 
[INFO] [stdout] warning: unused import: `chrono::NaiveDateTime`
[INFO] [stdout]  --> src/models/auth_models.rs:1:5
[INFO] [stdout]   |
[INFO] [stdout] 1 | use chrono::NaiveDateTime;
[INFO] [stdout]   |     ^^^^^^^^^^^^^^^^^^^^^
[INFO] [stdout] 
[INFO] [stdout] 
[INFO] [stdout] warning: unused import: `mysql::prelude::*`
[INFO] [stdout]  --> src/models/auth_models.rs:3:5
[INFO] [stdout]   |
[INFO] [stdout] 3 | use mysql::prelude::*;
[INFO] [stdout]   |     ^^^^^^^^^^^^^^^^^
[INFO] [stdout] 
[INFO] [stdout] 
[INFO] [stdout] warning: unused import: `chrono::NaiveDateTime`
[INFO] [stdout]  --> src/models/client_token_models.rs:1:5
[INFO] [stdout]   |
[INFO] [stdout] 1 | use chrono::NaiveDateTime;
[INFO] [stdout]   |     ^^^^^^^^^^^^^^^^^^^^^
[INFO] [stdout] 
[INFO] [stdout] 
[INFO] [stdout] warning: unused import: `serde::Deserialize`
[INFO] [stdout]  --> src/models/temp_token_models.rs:4:5
[INFO] [stdout]   |
[INFO] [stdout] 4 | use serde::Deserialize;
[INFO] [stdout]   |     ^^^^^^^^^^^^^^^^^^
[INFO] [stdout] 
[INFO] [stdout] 
[INFO] [stdout] error[E0267]: `break` inside of a closure
[INFO] [stdout]   --> src/main.rs:93:13
[INFO] [stdout]    |
[INFO] [stdout] 92 |         clean_temp_token(&state).map_err(|e| {
[INFO] [stdout]    |                                          --- enclosing closure
[INFO] [stdout] 93 |             break;
[INFO] [stdout]    |             ^^^^^ cannot `break` inside of a closure
[INFO] [stdout] 
[INFO] [stdout] 
[INFO] [stdout] error[E0308]: mismatched types
[INFO] [stdout]   --> src/main.rs:92:9
[INFO] [stdout]    |
[INFO] [stdout] 92 | /         clean_temp_token(&state).map_err(|e| {
[INFO] [stdout] 93 | |             break;
[INFO] [stdout] 94 | |         })
[INFO] [stdout]    | |          ^- help: try adding a semicolon: `;`
[INFO] [stdout]    | |__________|
[INFO] [stdout]    |            expected `()`, found enum `std::result::Result`
[INFO] [stdout]    |
[INFO] [stdout]    = note: expected unit type `()`
[INFO] [stdout]                    found enum `std::result::Result<(), ()>`
[INFO] [stdout] 
[INFO] [stdout] 
[INFO] [stdout] warning: unreachable expression
[INFO] [stdout]   --> src/main.rs:96:5
[INFO] [stdout]    |
[INFO] [stdout] 89 | /     loop {
[INFO] [stdout] 90 | |         // every minitus
[INFO] [stdout] 91 | |         std::thread::sleep(std::time::Duration::from_millis(60 * 1000));
[INFO] [stdout] 92 | |         clean_temp_token(&state).map_err(|e| {
[INFO] [stdout] 93 | |             break;
[INFO] [stdout] 94 | |         })
[INFO] [stdout] 95 | |     }
[INFO] [stdout]    | |_____- any code following this expression is unreachable
[INFO] [stdout] 96 |       println!("{}", "could not execute clean_temp_token()")
[INFO] [stdout]    |       ^^^^^^^^^^^^^^^^^^^^^^^^^^^^^^^^^^^^^^^^^^^^^^^^^^^^^^ unreachable expression
[INFO] [stdout]    |
[INFO] [stdout]    = note: `#[warn(unreachable_code)]` on by default
[INFO] [stdout]    = note: this warning originates in a macro (in Nightly builds, run with -Z macro-backtrace for more info)
[INFO] [stdout] 
[INFO] [stdout] 
[INFO] [stdout] error[E0308]: mismatched types
[INFO] [stdout]   --> src/main.rs:92:9
[INFO] [stdout]    |
[INFO] [stdout] 92 | /         clean_temp_token(&state).map_err(|e| {
[INFO] [stdout] 93 | |             break;
[INFO] [stdout] 94 | |         })
[INFO] [stdout]    | |          ^- help: try adding a semicolon: `;`
[INFO] [stdout]    | |__________|
[INFO] [stdout]    |            expected `()`, found enum `std::result::Result`
[INFO] [stdout]    |
[INFO] [stdout]    = note: expected unit type `()`
[INFO] [stdout]                    found enum `std::result::Result<(), ()>`
[INFO] [stdout] 
[INFO] [stdout] 
[INFO] [stdout] warning: unreachable expression
[INFO] [stdout]   --> src/main.rs:96:5
[INFO] [stdout]    |
[INFO] [stdout] 89 | /     loop {
[INFO] [stdout] 90 | |         // every minitus
[INFO] [stdout] 91 | |         std::thread::sleep(std::time::Duration::from_millis(60 * 1000));
[INFO] [stdout] 92 | |         clean_temp_token(&state).map_err(|e| {
[INFO] [stdout] 93 | |             break;
[INFO] [stdout] 94 | |         })
[INFO] [stdout] 95 | |     }
[INFO] [stdout]    | |_____- any code following this expression is unreachable
[INFO] [stdout] 96 |       println!("{}", "could not execute clean_temp_token()")
[INFO] [stdout]    |       ^^^^^^^^^^^^^^^^^^^^^^^^^^^^^^^^^^^^^^^^^^^^^^^^^^^^^^ unreachable expression
[INFO] [stdout]    |
[INFO] [stdout]    = note: `#[warn(unreachable_code)]` on by default
[INFO] [stdout]    = note: this warning originates in a macro (in Nightly builds, run with -Z macro-backtrace for more info)
[INFO] [stdout] 
[INFO] [stdout] 
[INFO] [stdout] error: aborting due to 2 previous errors; 9 warnings emitted
[INFO] [stdout] 
[INFO] [stdout] 
[INFO] [stdout] Some errors have detailed explanations: E0267, E0308.
[INFO] [stdout] 
[INFO] [stdout] For more information about an error, try `rustc --explain E0267`.
[INFO] [stdout] 
[INFO] [stderr] error: could not compile `actix-web`.
[INFO] [stderr] 
[INFO] [stderr] To learn more, run the command again with --verbose.
[INFO] [stderr] warning: build failed, waiting for other jobs to finish...
[INFO] [stdout] error: aborting due to 2 previous errors; 9 warnings emitted
[INFO] [stdout] 
[INFO] [stdout] 
[INFO] [stdout] Some errors have detailed explanations: E0267, E0308.
[INFO] [stdout] 
[INFO] [stdout] For more information about an error, try `rustc --explain E0267`.
[INFO] [stdout] 
[INFO] [stderr] error: build failed
[INFO] running `Command { std: "docker" "inspect" "e5f187a730407497c3959b63c252e98eb23238092553b1abd2926711a152e669", kill_on_drop: false }`
[INFO] running `Command { std: "docker" "rm" "-f" "e5f187a730407497c3959b63c252e98eb23238092553b1abd2926711a152e669", kill_on_drop: false }`
[INFO] [stdout] e5f187a730407497c3959b63c252e98eb23238092553b1abd2926711a152e669
